
216
Let g(v) = -v**2 + 4*v + 241. Calculate g(15).
76
Let n(l) = l**3 + 14*l**2 - 11*l - 55. Determine n(-15).
-115
Let u(f) = 133*f + 70. Calculate u(-1).
-63
Let q(z) = z**2 - 39*z + 288. Give q(9).
18
Let t(i) = 3*i**3 - 83*i**2 + 58*i - 143. Determine t(27).
-35
Let s(y) = 7*y + 342. Calculate s(-49).
-1
Let o(m) = -m**3 - 44*m**2 - 36*m + 169. Give o(-43).
-132
Let a(s) = -8*s + 489. Give a(54).
57
Let w(x) = 17*x + 232. Give w(-15).
-23
Let g(l) = l**3 + 48*l**2 + 89*l + 1990. Determine g(-47).
16
Let f(q) = q**2 + 218*q + 5499. Calculate f(-29).
18
Let l(s) = 6*s**3 + 6*s**2 - 45*s + 5. Calculate l(4).
305
Let z(u) = -u**3 + 44*u**2 - 114*u - 269. What is z(41)?
100
Let p(g) = 4*g**2 - 292*g + 262. What is p(72)?
-26
Let u(z) = z**2 + 373*z + 1481. Calculate u(-4).
5
Let c(s) = 199*s + 1407. Give c(-7).
14
Let n(v) = -6*v**2 + 135*v - 777. Give n(12).
-21
Let y(r) = -r**2 + 441*r - 1323. Calculate y(3).
-9
Let k(b) = -19*b**3 + b**2 + 7*b - 1. Calculate k(2).
-135
Let w(r) = 2*r**2 + 12*r. Give w(-4).
-16
Let u(i) = 186*i - 924. Determine u(5).
6
Let a(b) = 41*b - 2988. Calculate a(73).
5
Let a(s) = 254*s**2 + 770*s - 2. Calculate a(-3).
-26
Let z(r) = -2*r**2 - 83*r - 3. Calculate z(-42).
-45
Let j(b) = 27*b**3 - 132*b**2 - 121*b + 531. Determine j(5).
1
Let q(f) = -f**2 + 52*f - 255. What is q(47)?
-20
Let y(u) = u**3 + 9*u**2 - 22*u - 145. Give y(-13).
-535
Let x(t) = -30*t**2 + 384*t + 386. Calculate x(-1).
-28
Let n(z) = z**3 - 17*z**2 + 74*z + 72. Determine n(9).
90
Let c(w) = 6*w**3 + 2*w**2 - 2*w - 8. Determine c(2).
44
Let s(c) = -22*c + 7448. Give s(337).
34
Let p(z) = 93*z - 523. Calculate p(6).
35
Let o(i) = 8*i - 60. Determine o(8).
4
Let t(s) = -5*s**2 - 100*s - 94. Calculate t(-19).
1
Let b(h) = h**3 - 13*h**2 - 23*h - 113. What is b(15)?
-8
Let j(g) = -g**3 + 10*g**2 + 42*g - 425. Calculate j(10).
-5
Let j(z) = -1484*z - 1501. Give j(-1).
-17
Let y(v) = -v**3 + 94*v - 36. Calculate y(0).
-36
Let t(o) = -31*o - 4012. Calculate t(-128).
-44
Let r(h) = -h**3 + 13*h**2 - 29*h + 770. Determine r(14).
168
Let a(i) = -i**3 - 48*i**2 - 36*i + 108. Calculate a(-47).
-409
Let h(t) = -36*t - 1022. Determine h(-28).
-14
Let q(z) = 386*z - 3111. Determine q(8).
-23
Let g(r) = 3*r**2 + 15*r - 10. Determine g(-6).
8
Let w(b) = -b**3 - 25*b**2 - 20*b - 19. Give w(-24).
-115
Let z(f) = 4*f**3 + 42*f**2 + 18*f + 1. What is z(-10)?
21
Let q(f) = -13*f + 477. Determine q(61).
-316
Let v(c) = c**2 + 144*c + 5195. Give v(-72).
11
Let s(j) = 2*j**3 - 49*j**2 + 24*j + 33. Calculate s(24).
33
Let d(m) = 34*m + 18. Give d(2).
86
Let r(u) = -2*u**3 + 31*u**2 - 45*u + 444. Determine r(15).
-6
Let a(g) = -5*g**2 + 6*g - 7. Calculate a(6).
-151
Let m(o) = 2*o**2 - 393*o + 7035. What is m(20)?
-25
Let n(w) = w**3 + 12*w**2 + 5*w + 54. Give n(-12).
-6
Let x(o) = -14*o + 514. Give x(40).
-46
Let i(m) = -301*m**2 - 18358*m + 177. Determine i(-61).
-6
Let i(k) = -267*k + 28297. What is i(106)?
-5
Let i(t) = -2*t**2 + 277*t + 426. What is i(140)?
6
Let y(o) = -o**3 - 55*o**2 + 10*o + 600. Calculate y(-55).
50
Let q(r) = 398*r + 5934. What is q(-15)?
-36
Let z(q) = 2763*q + 44254. Give z(-16).
46
Let j(t) = -8*t**2 + 156*t - 75. Determine j(19).
1
Let n(s) = -14*s**2 + 130*s - 24. Give n(9).
12
Let d(s) = -s**3 - 14*s**2 + 3*s - 24. Calculate d(-10).
-454
Let a(x) = x**3 - 23*x**2 - 113*x + 53. Calculate a(27).
-82
Let a(f) = -498*f + 11948. What is a(24)?
-4
Let n(u) = u**3 - 92*u**2 + 197*u - 1545. Determine n(90).
-15
Let r(c) = 6*c + 83. Calculate r(14).
167
Let o(s) = s**2 + 38*s + 281. Determine o(-6).
89
Let h(y) = y**2 - 14*y - 425. Calculate h(-14).
-33
Let a(y) = 14*y**2 - 255*y - 207. Calculate a(19).
2
Let f(u) = u**2 + 15*u - 3147. Calculate f(-64).
-11
Let u(o) = o**2 + 42*o + 258. Calculate u(-33).
-39
Let l(p) = -9*p**2 + 13*p - 16. Give l(1).
-12
Let d(q) = 2*q**3 - 11*q**2 - 665*q + 3951. Determine d(6).
-3
Let w(b) = -3*b**3 - 46*b**2 + 38*b + 98. Calculate w(-16).
2
Let s(d) = -d**3 + 11*d**2 - 68*d + 184. Determine s(5).
-6
Let j(h) = h**3 + 15*h**2 - 18*h - 304. Calculate j(-15).
-34
Let d(q) = 20*q**3 - 180*q**2 + 182*q - 2. Determine d(1).
20
Let f(i) = 9*i**2 - 204*i - 66. Give f(23).
3
Let v(w) = -162*w**2 - 25*w + 25. Determine v(1).
-162
Let h(z) = -z**3 - 5*z**2 + 237*z - 78. Determine h(13).
-39
Let q(i) = i**2 + 42*i + 265. Calculate q(-33).
-32
Let q(n) = -44*n - 108. Determine q(-8).
244
Let d(a) = 378*a + 4166. Give d(-11).
8
Let d(m) = m**3 - 16*m**2 + 38*m - 109. What is d(14)?
31
Let y(o) = -2*o + 40. Determine y(9).
22
Let m(s) = -113*s - 672. Give m(-6).
6
Let s(r) = -49*r - 236. Calculate s(-5).
9
Let p(j) = -71*j**3 - 7*j**2 - 10*j - 10. Determine p(-1).
64
Let o(y) = 907*y + 4540. Calculate o(-5).
5
Let z(x) = -89*x + 1571. Determine z(18).
-31
Let d(l) = 3*l**2 + 176*l + 491. Determine d(-3).
-10
Let g(v) = 21*v - 192. Calculate g(0).
-192
Let v(u) = u**3 + 24*u**2 + 55*u - 14. Give v(-21).
154
Let i(x) = 5*x**2 - 158*x - 40. Give i(32).
24
Let v(h) = 8*h**3 + 40*h**2 + 5*h + 27. Determine v(-5).
2
Let c(a) = 3*a**3 + 26*a**2 + 22*a + 48. What is c(-4)?
184
Let l(n) = 66*n + 402. Give l(-6).
6
Let n(g) = 761*g + 45666. Determine n(-60).
6
Let t(u) = -168*u - 17619. Calculate t(-105).
21
Let k(d) = 3162*d + 9506. Give k(-3).
20
Let o(p) = -p**3 - 55*p**2 - 580*p - 84. Give o(-14).
0
Let r(a) = 72*a**2 + 4801*a - 1539. What is r(-67)?
2
Let m(n) = n**3 + 12*n**2 - n - 17. Determine m(-9).
235
Let t(f) = -f**3 + 7*f**2 - 11*f + 93. Calculate t(7).
16
Let y(w) = -w**3 + 37*w**2 + 79*w - 39. Calculate y(39).
0
Let m(o) = -o**3 - 51*o**2 - 37*o + 579. Calculate m(-50).
-71
Let a(d) = 2*d**2 - 75*d + 581. Calculate a(11).
-2
Let y(z) = 845*z - 49853. What is y(59)?
2
Let f(y) = y**2 + 61*y + 902. Calculate f(-26).
-8
Let h(d) = 31*d + 522. Calculate h(-17).
-5
Let x(k) = 10*k**2 + 30*k - 231. Determine x(7).
469
Let u(k) = k**2 - 2*k - 282. Give u(-16).
6
Let z(m) = -184*m - 5140. Calculate z(-28).
12
Let y(p) = -p**2 + 13*p + 371. Calculate y(-14).
-7
Let c(k) = 59*k + 418. Calculate c(-6).
64
Let t(h) = -59*h - 4057. Give t(-69).
14
Let x(f) = 8*f**2 + 240*f + 20. Give x(-30).
20
Let a(x) = -6*x**2 - 530*x - 795. Calculate a(-87).
-99
Let i(h) = -1233*h + 16026. Determine i(13).
-3
Let i(k) = -81*k**3 - 10*k**2 - 3*k + 3. What is i(-1)?
77
Let y(b) = 97*b - 1365. What is y(14)?
-7
Let i(r) = 3*r**3 + 3*r**2 + 50*r + 96. What is i(-2)?
-16
Let b(q) = -q**3 + 58*q**2 - 505*q - 560. Determine b(12).
4
Let t(w) = w**3 + 18*w**2 - 31*w + 23. Determine t(-20).
-157
Let a(g) = 2*g**2 + 37*g + 156. What is a(-12)?
0
Let r(v) = 3*v**2 + 2*v - 19. Calculate r(3).
14
Let r(c) = c**2 + 8*c - 211. Calculate r(-18).
-31
Let l(n) = 328*n + 325. Calculate l(-1).
-3
Let k(l) = 146*l - 1993. Give k(14).
51
Let j(x) = -x**2 - 38*x - 18. What is j(-33)?
147
Let y(u) = 54*u + 1062. Give y(-20).
-18
Let n(g) = 8*g**3 + 2*g**2 + 17*g + 33. What is n(-2)?
-57
Let t(v) = v**2 - 20*v + 105. Calculate t(12).
9
Let q(a) = -268*a - 3729. Determine q(-14).
23
Let p(w) = -60*w - 974. Give p(-16).
-14
Let f(s) = s**3 + 46*s**2 - 89*s + 339. Calculate f(-48).
3
Let w(b) = 1450*b + 7200. Determine w(-5).
-50
Let t(z) = -3*z + 1. What is t(-29)?
88
Let o(g) = -g**2 + 9*g - 16. Determine o(10).
-26
Let t(h) = 71*h + 306. Determine t(-5).
-49
Let c(i) = 17*i**2 + 153*i + 112. What is c(-8)?
-24
Let y(d) = -26*d - 314. Calculate y(-13).
24
Let a(i) = i**2 + 41*i + 309. Determine a(-9).
21
Let t(i) = i**2 - 16*i + 50. Calculate t(8).
-14
Let o(a) = 3*a**3 - 20*a**2 + 8*a - 18. Calculate o(6).
-42
Let o(q) = 31*q**3 + 3*q**2 + 6*q - 3. Determine o(-2).
-251
Let t(w) = w**3 - 24*w**2 + 20*w + 85. Calculate t(23).
16
Let m(c) = -2*c**2 - 25*c + 355. What is m(-21)?
-2
Let h(b) = -2*b**3 + 17*b**2 + 60*b - 23. Determine h(11).
32
Let t(o) = 54*o - 11550. Give t(214).
6
Let d(l) = 5*l**2 - 25*l - 55. Give d(-2).
15
Let i(o) = -o**2 - 144*o - 1797. Determine i(-14).
23
Let y(g) = g**3 - 33*g**2 - 79*g + 354. Give y(35).
39
Let y(a) = a**3 + 21*a**2 - 10*a + 292. Determine y(-22).
28
Let d(r) = 5*r**2 - 89*r - 60. Calculate d(16).
-204
Let n(j) = j**3 + 91*j**2 + 347*j - 76. Determine n(-87).
11
Let i(n) = 2*n**3 + 3*n**2 - 18*n - 42. What is i(-3)?
-15
Let w